{"id":92,"date":"2024-04-15T19:58:03","date_gmt":"2024-04-15T19:58:03","guid":{"rendered":"https:\/\/gzs04.zappacorp.com\/?page_id=92"},"modified":"2024-04-15T19:59:48","modified_gmt":"2024-04-15T19:59:48","slug":"e-sports","status":"publish","type":"page","link":"https:\/\/gzs04.zappacorp.com\/index.php\/e-sports\/","title":{"rendered":"E-Sports"},"content":{"rendered":"\n<p class=\"has-large-font-size\"><strong>O que s\u00e3o e-sports e por que est\u00e3o cada vez mais populares?<\/strong><\/p>\n\n\n\n<p>Os n\u00fameros do e-sports no Brasil comprovam a popularidade da categoria: tr\u00eas a cada quatro brasileiros jogam games \u2013 o equivalente a 74,5% da popula\u00e7\u00e3o.<\/p>\n\n\n\n<p>A populariza\u00e7\u00e3o n\u00e3o se restringe ao Brasil, ultrapassando fronteiras e ganhando espa\u00e7o como fonte de renda para jogadores ao redor do mundo.<\/p>\n\n\n\n<p>Com torneios oficiais, equipes treinadas e um p\u00fablico fiel, o conceito tem se expandido e \u00e9 um dos principais mercados em crescimento nos \u00faltimos anos.<\/p>\n\n\n<div class=\"wp-block-image\">\n<figure class=\"aligncenter size-full is-resized\"><img decoding=\"async\" width=\"300\" height=\"168\" src=\"https:\/\/gzs04.zappacorp.com\/wp-content\/uploads\/2024\/04\/imagesEV3.jpg\" alt=\"\" class=\"wp-image-96\" style=\"width:408px;height:auto\"\/><\/figure><\/div>\n\n\n<p class=\"has-large-font-size\"><strong>O que s\u00e3o e-sports?<\/strong><\/p>\n\n\n\n<p>E-sports \u00e9 um termo que vem do ingl\u00eas eletronic sports, ou esportes eletr\u00f4nicos, utilizado para definir a modalidade competitiva de jogos virtuais.<\/p>\n\n\n\n<p>Nesses eventos, jogadores profissionais ou amadores se enfrentam em torneios oficiais de g\u00eaneros variados de games, desde esportes virtuais at\u00e9 jogos de estrat\u00e9gia em tempo real.<\/p>\n\n\n\n<p>Os jogos podem ser disputados individualmente ou em equipe e as principais competi\u00e7\u00f5es normalmente contam com transmiss\u00e3o ao vivo.<\/p>\n","protected":false},"excerpt":{"rendered":"<p>O que s\u00e3o e-sports e por que est\u00e3o cada vez mais populares? Os n\u00fameros do e-sports no Brasil comprovam a&hellip;<\/p>\n","protected":false},"author":3,"featured_media":100,"parent":0,"menu_order":0,"comment_status":"closed","ping_status":"closed","template":"","meta":{"footnotes":""},"_links":{"self":[{"href":"https:\/\/gzs04.zappacorp.com\/index.php\/wp-json\/wp\/v2\/pages\/92"}],"collection":[{"href":"https:\/\/gzs04.zappacorp.com\/index.php\/wp-json\/wp\/v2\/pages"}],"about":[{"href":"https:\/\/gzs04.zappacorp.com\/index.php\/wp-json\/wp\/v2\/types\/page"}],"author":[{"embeddable":true,"href":"https:\/\/gzs04.zappacorp.com\/index.php\/wp-json\/wp\/v2\/users\/3"}],"replies":[{"embeddable":true,"href":"https:\/\/gzs04.zappacorp.com\/index.php\/wp-json\/wp\/v2\/comments?post=92"}],"version-history":[{"count":2,"href":"https:\/\/gzs04.zappacorp.com\/index.php\/wp-json\/wp\/v2\/pages\/92\/revisions"}],"predecessor-version":[{"id":99,"href":"https:\/\/gzs04.zappacorp.com\/index.php\/wp-json\/wp\/v2\/pages\/92\/revisions\/99"}],"wp:featuredmedia":[{"embeddable":true,"href":"https:\/\/gzs04.zappacorp.com\/index.php\/wp-json\/wp\/v2\/media\/100"}],"wp:attachment":[{"href":"https:\/\/gzs04.zappacorp.com\/index.php\/wp-json\/wp\/v2\/media?parent=92"}],"curies":[{"name":"wp","href":"https:\/\/api.w.org\/{rel}","templated":true}]}}